mainder when 480 is divided by 98?
88
Calculate the remainder when 1850405 is divided by 443.
437
What is the remainder when 614 is divided by 77?
75
Calculate the remainder when 6264 is divided by 154.
104
What is the remainder when 1043 is divided by 24?
11
What is the remainder when 140975 is divided by 89?
88
What is the remainder when 79196 is divided by 275?
271
What is the remainder when 694 is divided by 340?
14
Calculate the remainder when 5283 is divided by 252.
243
Calculate the remainder when 7857 is divided by 186.
45
What is the remainder when 2437 is divided by 271?
269
What is the remainder when 138443 is divided by 27686?
13
What is the remainder when 4689 is divided by 1008?
657
What is the remainder when 72928 is divided by 36458?
12
Calculate the remainder when 812215 is divided by 203053.
3
What is the remainder when 434759 is divided by 40?
39
Calculate the remainder when 12116 is divided by 34.
12
What is the remainder when 554 is divided by 240?
74
Calculate the remainder when 7562 is divided by 851.
754
Calculate the remainder when 17584 is divided by 11.
6
Calculate the remainder when 7486 is divided by 7426.
60
What is the remainder when 113316 is divided by 62?
42
Calculate the remainder when 27344 is divided by 29.
26
What is the remainder when 5456 is divided by 169?
48
Calculate the remainder when 367879 is divided by 132.
127
What is the remainder when 155 is divided by 16?
11
What is the remainder when 472 is divided by 64?
24
Calculate the remainder when 718 is divided by 17.
4
What is the remainder when 127478 is divided by 187?
131
Calculate the remainder when 719375 is divided by 4.
3
What is the remainder when 89743 is divided by 81?
76
What is the remainder when 1240 is divided by 614?
12
Calculate the remainder when 26100 is divided by 8585.
345
What is the remainder when 144800 is divided by 144792?
8
Calculate the remainder when 631898 is divided by 12.
2
Calculate the remainder when 131607 is divided by 107.
104
What is the remainder when 2563216 is divided by 122?
118
Calculate the remainder when 81012 is divided by 178.
22
Calculate the remainder when 48612 is divided by 128.
100
Calculate the remainder when 386871 is divided by 674.
669
What is the remainder when 8188 is divided by 40?
28
Calculate the remainder when 12696 is divided by 235.
6
Calculate the remainder when 361003 is divided by 712.
19
What is the remainder when 6235 is divided by 3082?
71
What is the remainder when 6220 is divided by 368?
332
Calculate the remainder when 19849 is divided by 310.
9
Calculate the remainder when 48831 is divided by 226.
15
Calculate the remainder when 20555 is divided by 20433.
122
What is the remainder when 89774 is divided by 17?
14
Calculate the remainder when 38471 is divided by 21.
20
Calculate the remainder when 972652 is divided by 30.
22
Calculate the remainder when 6567 is divided by 42.
15
What is the remainder when 1073352 is divided by 15?
12
Calculate the remainder when 44134 is divided by 69.
43
What is the remainder when 22078 is divided by 15?
13
Calculate the remainder when 15837 is divided by 40.
37
Calculate the remainder when 1120174 is divided by 578.
10
What is the remainder when 2133 is divided by 702?
27
Calculate the remainder when 165132 is divided by 82555.
22
What is the remainder when 6120 is divided by 85?
0
What is the remainder when 10935 is divided by 11?
1
What is the remainder when 36825 is divided by 99?
96
What is the remainder when 13401 is divided by 6692?
17
What is the remainder when 12570 is divided by 3137?
22
What is the remainder when 2750 is divided by 907?
29
Calculate the remainder when 1079 is divided by 923.
156
What is the remainder when 1083199 is divided by 1600?
1599
What is the remainder when 758249 is divided by 418?
415
Calculate the remainder when 6792 is divided by 1327.
157
Calculate the remainder when 18826 is divided by 2350.
26
What is the remainder when 7489 is divided by 10?
9
What is the remainder when 1206699 is divided by 275?
274
What is the remainder when 1155 is divided by 146?
133
What is the remainder when 2458341 is divided by 28?
25
Calculate the remainder when 2517757 is divided by 1124.
1121
Calculate the remainder when 24322 is divided by 678.
592
What is the remainder when 6815 is divided by 282?
47
What is the remainder when 844 is divided by 106?
102
What is the remainder when 2736 is divided by 839?
219
What is the remainder when 111100 is divided by 37020?
40
Calculate the remainder when 194878 is divided by 290.
288
What is the remainder when 10825 is divided by 216?
25
Calculate the remainder when 6116 is divided by 216.
68
Calculate the remainder when 909 is divided by 151.
3
Calculate the remainder when 109438 is divided by 228.
226
Calculate the remainder when 14224 is divided by 903.
679
What is the remainder when 57402 is divided by 1550?
52
Calculate the remainder when 148935 is divided by 17.
15
Calculate the remainder when 1671 is divided by 411.
27
What is the remainder when 378552 is divided by 921?
21
Calculate the remainder when 48244 is divided by 30.
4
Calculate the remainder when 696 is divided by 187.
135
What is the remainder when 42811 is divided by 1044?
7
Calculate the remainder when 1642812 is divided by 27.
24
What is the remainder when 837 is divided by 165?
12
What is the remainder when 10045 is divided by 2511?
1
Calculate the remainder when 17465 is divided by 4292.
297
Calculate the remainder when 7364 is divided by 8.
4
What is the remainder when 2069 is divided by 28?
25
Calculate the remainder when 66689 is divided by 494.
493
Calculate the remainder when 5497 is divided by 1831.
4
Calculate the remainder when 46258 is divided by 145.
3
Calculate the remainder when 368369 is divided by 90.
89
What is the remainder when 315777 is divided by 163?
46
Calculate the remainder when 13691 is divided by 107.
102
What is the remainder when 157769 is divided by 30?
29
Calculate the remainder when 34666 is divided by 164.
62
Calculate the remainder when 2208 is divided by 2125.
83
Calculate the remainder when 91559 is divided by 327.
326
Calculate the remainder when 4534 is divided by 4069.
465
Calculate the remainder when 84012 is divided by 7.
5
What is the remainder when 379087 is divided by 227?
224
What is the remainder when 1812 is divided by 457?
441
Calculate the remainder when 4135 is divided by 26.
1
What is the remainder when 1780 is divided by 355?
5
What is the remainder when 9285 is divided by 126?
87
What is the remainder when 3908 is divided by 1912?
84
Calculate the remainder when 77254 is divided by 58.
56
Calculate the remainder when 4996 is divided by 4979.
17
What is the remainder when 899 is divided by 139?
65
What is the remainder when 9769 is divided by 2178?
1057
What is the remainder when 32437 is divided by 208?
197
Calculate the remainder when 73387 is divided by 1129.
2
What is the remainder when 19892 is divided by 50?
42
What is the remainder when 17037 is divided by 2433?
6
Calculate the remainder when 16766 is divided by 78.
74
Calculate the remainder when 8038 is divided by 3997.
44
Calculate the remainder when 5433 is divided by 358.
63
What is the remainder when 17746 is divided by 17608?
138
Calculate the remainder when 618747 is divided by 11.
8
What is the remainder when 3964 is divided by 652?
52
Calculate the remainder when 3434 is divided by 197.
85
Calculate the remainder when 5198 is divided by 399.
11
What is the remainder when 374866 is divided by 1065?
1051
Calculate the remainder when 72080 is divided by 12.
8
What is the remainder when 10083 is divided by 246?
243
Calculate the remainder when 189099 is divided by 173.
10
What is the remainder when 3634 is divided by 14?
8
Calculate the remainder when 9117 is divided by 34.
5
Calculate the remainder when 77020 is divided by 2140.
2120
What is the remainder when 14230 is divided by 4740?
10
What is the remainder when 2540 is divided by 134?
128
Calculate the remainder when 435457 is divided by 145151.
4
Calculate the remainder when 1352 is divided by 171.
155
Calculate the remainder when 2482 is divided by 1640.
842
What is the remainder when 53505 is divided by 29?
0
Calculate the remainder when 34